{"id":156,"date":"2024-04-19T00:22:27","date_gmt":"2024-04-19T03:22:27","guid":{"rendered":"https:\/\/maiamariana.com.br\/?page_id=156"},"modified":"2024-04-19T09:33:14","modified_gmt":"2024-04-19T12:33:14","slug":"olossa","status":"publish","type":"page","link":"https:\/\/maiamariana.com.br\/?page_id=156","title":{"rendered":"Oloss\u00e1"},"content":{"rendered":"\n<p>Instala\u00e7\u00e3o, T\u00e9cnica mista, 2023. Dimens\u00f5es vari\u00e1veis, cerca de 3 x 1,50 m. Na Exposi\u00e7\u00e3o &#8220;Passeio P\u00fablico&#8221;, 2023. Fotografias: Tiago Morena.<\/p>\n\n\n\n<figure class=\"wp-block-image size-large\"><img loading=\"lazy\" decoding=\"async\" width=\"1024\" height=\"511\" src=\"https:\/\/maiamariana.com.br\/wp-content\/uploads\/2024\/04\/2-1024x511.jpg\" alt=\"\" class=\"wp-image-157\" srcset=\"https:\/\/maiamariana.com.br\/wp-content\/uploads\/2024\/04\/2-1024x511.jpg 1024w, https:\/\/maiamariana.com.br\/wp-content\/uploads\/2024\/04\/2-300x150.jpg 300w, https:\/\/maiamariana.com.br\/wp-content\/uploads\/2024\/04\/2-768x383.jpg 768w, https:\/\/maiamariana.com.br\/wp-content\/uploads\/2024\/04\/2-1536x767.jpg 1536w, https:\/\/maiamariana.com.br\/wp-content\/uploads\/2024\/04\/2-2048x1022.jpg 2048w, https:\/\/maiamariana.com.br\/wp-content\/uploads\/2024\/04\/2-1568x783.jpg 1568w\" sizes=\"auto, (max-width: 1024px) 100vw, 1024px\" \/><\/figure>\n\n\n\n<!-- default-view.php -->\n<div\n\tclass=\"ngg-galleryoverview default-view \n\t\t\"\n\tid=\"ngg-gallery-99c9b101493b518ad7d306cd50a88de5-1\">\n\n\t\t<!-- Thumbnails -->\n\t\t\t\t<div id=\"ngg-image-0\" class=\"ngg-gallery-thumbnail-box \n\t\t\t\t\t\t\t\t\t\t\t\" \n\t\t\t>\n\t\t\t\t\t\t<div class=\"ngg-gallery-thumbnail\">\n\t\t\t<a href=\"https:\/\/maiamariana.com.br\/wp-content\/gallery\/olossa\/SBC_1610.jpg\"\n\t\t\t\ttitle=\"\"\n\t\t\t\tdata-src=\"https:\/\/maiamariana.com.br\/wp-content\/gallery\/olossa\/SBC_1610.jpg\"\n\t\t\t\tdata-thumbnail=\"https:\/\/maiamariana.com.br\/wp-content\/gallery\/olossa\/thumbs\/thumbs-SBC_1610.jpg\"\n\t\t\t\tdata-image-id=\"36\"\n\t\t\t\tdata-title=\"SBC_1610\"\n\t\t\t\tdata-description=\"\"\n\t\t\t\tdata-image-slug=\"sbc_1610\"\n\t\t\t\tclass=\"ngg-simplelightbox\" rel=\"99c9b101493b518ad7d306cd50a88de5\">\n\t\t\t\t<img\n\t\t\t\t\ttitle=\"SBC_1610\"\n\t\t\t\t\talt=\"SBC_1610\"\n\t\t\t\t\tsrc=\"https:\/\/maiamariana.com.br\/wp-content\/gallery\/olossa\/thumbs\/thumbs-SBC_1610.jpg\"\n\t\t\t\t\twidth=\"240\"\n\t\t\t\t\theight=\"160\"\n\t\t\t\t\tstyle=\"max-width:100%;\"\n\t\t\t\t\/>\n\t\t\t<\/a>\n\t\t<\/div>\n\t\t\t\t\t\t\t<\/div> \n\t\t\t\n\t\t\t\t<div id=\"ngg-image-1\" class=\"ngg-gallery-thumbnail-box \n\t\t\t\t\t\t\t\t\t\t\t\" \n\t\t\t>\n\t\t\t\t\t\t<div class=\"ngg-gallery-thumbnail\">\n\t\t\t<a href=\"https:\/\/maiamariana.com.br\/wp-content\/gallery\/olossa\/SBC_1614.jpg\"\n\t\t\t\ttitle=\"\"\n\t\t\t\tdata-src=\"https:\/\/maiamariana.com.br\/wp-content\/gallery\/olossa\/SBC_1614.jpg\"\n\t\t\t\tdata-thumbnail=\"https:\/\/maiamariana.com.br\/wp-content\/gallery\/olossa\/thumbs\/thumbs-SBC_1614.jpg\"\n\t\t\t\tdata-image-id=\"37\"\n\t\t\t\tdata-title=\"SBC_1614\"\n\t\t\t\tdata-description=\"\"\n\t\t\t\tdata-image-slug=\"sbc_1614\"\n\t\t\t\tclass=\"ngg-simplelightbox\" rel=\"99c9b101493b518ad7d306cd50a88de5\">\n\t\t\t\t<img\n\t\t\t\t\ttitle=\"SBC_1614\"\n\t\t\t\t\talt=\"SBC_1614\"\n\t\t\t\t\tsrc=\"https:\/\/maiamariana.com.br\/wp-content\/gallery\/olossa\/thumbs\/thumbs-SBC_1614.jpg\"\n\t\t\t\t\twidth=\"240\"\n\t\t\t\t\theight=\"160\"\n\t\t\t\t\tstyle=\"max-width:100%;\"\n\t\t\t\t\/>\n\t\t\t<\/a>\n\t\t<\/div>\n\t\t\t\t\t\t\t<\/div> \n\t\t\t\n\t\t\t\t<div id=\"ngg-image-2\" class=\"ngg-gallery-thumbnail-box \n\t\t\t\t\t\t\t\t\t\t\t\" \n\t\t\t>\n\t\t\t\t\t\t<div class=\"ngg-gallery-thumbnail\">\n\t\t\t<a href=\"https:\/\/maiamariana.com.br\/wp-content\/gallery\/olossa\/SBC_1611.jpg\"\n\t\t\t\ttitle=\"\"\n\t\t\t\tdata-src=\"https:\/\/maiamariana.com.br\/wp-content\/gallery\/olossa\/SBC_1611.jpg\"\n\t\t\t\tdata-thumbnail=\"https:\/\/maiamariana.com.br\/wp-content\/gallery\/olossa\/thumbs\/thumbs-SBC_1611.jpg\"\n\t\t\t\tdata-image-id=\"38\"\n\t\t\t\tdata-title=\"SBC_1611\"\n\t\t\t\tdata-description=\"\"\n\t\t\t\tdata-image-slug=\"sbc_1611\"\n\t\t\t\tclass=\"ngg-simplelightbox\" rel=\"99c9b101493b518ad7d306cd50a88de5\">\n\t\t\t\t<img\n\t\t\t\t\ttitle=\"SBC_1611\"\n\t\t\t\t\talt=\"SBC_1611\"\n\t\t\t\t\tsrc=\"https:\/\/maiamariana.com.br\/wp-content\/gallery\/olossa\/thumbs\/thumbs-SBC_1611.jpg\"\n\t\t\t\t\twidth=\"240\"\n\t\t\t\t\theight=\"160\"\n\t\t\t\t\tstyle=\"max-width:100%;\"\n\t\t\t\t\/>\n\t\t\t<\/a>\n\t\t<\/div>\n\t\t\t\t\t\t\t<\/div> \n\t\t\t\n\t\t\t\t<div id=\"ngg-image-3\" class=\"ngg-gallery-thumbnail-box \n\t\t\t\t\t\t\t\t\t\t\t\" \n\t\t\t>\n\t\t\t\t\t\t<div class=\"ngg-gallery-thumbnail\">\n\t\t\t<a href=\"https:\/\/maiamariana.com.br\/wp-content\/gallery\/olossa\/SBC_1620-HDR.jpg\"\n\t\t\t\ttitle=\"\"\n\t\t\t\tdata-src=\"https:\/\/maiamariana.com.br\/wp-content\/gallery\/olossa\/SBC_1620-HDR.jpg\"\n\t\t\t\tdata-thumbnail=\"https:\/\/maiamariana.com.br\/wp-content\/gallery\/olossa\/thumbs\/thumbs-SBC_1620-HDR.jpg\"\n\t\t\t\tdata-image-id=\"39\"\n\t\t\t\tdata-title=\"SBC_1620-HDR\"\n\t\t\t\tdata-description=\"\"\n\t\t\t\tdata-image-slug=\"sbc_1620-hdr\"\n\t\t\t\tclass=\"ngg-simplelightbox\" rel=\"99c9b101493b518ad7d306cd50a88de5\">\n\t\t\t\t<img\n\t\t\t\t\ttitle=\"SBC_1620-HDR\"\n\t\t\t\t\talt=\"SBC_1620-HDR\"\n\t\t\t\t\tsrc=\"https:\/\/maiamariana.com.br\/wp-content\/gallery\/olossa\/thumbs\/thumbs-SBC_1620-HDR.jpg\"\n\t\t\t\t\twidth=\"240\"\n\t\t\t\t\theight=\"160\"\n\t\t\t\t\tstyle=\"max-width:100%;\"\n\t\t\t\t\/>\n\t\t\t<\/a>\n\t\t<\/div>\n\t\t\t\t\t\t\t<\/div> \n\t\t\t\n\t\t\t\t<div id=\"ngg-image-4\" class=\"ngg-gallery-thumbnail-box \n\t\t\t\t\t\t\t\t\t\t\t\" \n\t\t\t>\n\t\t\t\t\t\t<div class=\"ngg-gallery-thumbnail\">\n\t\t\t<a href=\"https:\/\/maiamariana.com.br\/wp-content\/gallery\/olossa\/SBC_1617-HDR.jpg\"\n\t\t\t\ttitle=\"\"\n\t\t\t\tdata-src=\"https:\/\/maiamariana.com.br\/wp-content\/gallery\/olossa\/SBC_1617-HDR.jpg\"\n\t\t\t\tdata-thumbnail=\"https:\/\/maiamariana.com.br\/wp-content\/gallery\/olossa\/thumbs\/thumbs-SBC_1617-HDR.jpg\"\n\t\t\t\tdata-image-id=\"40\"\n\t\t\t\tdata-title=\"SBC_1617-HDR\"\n\t\t\t\tdata-description=\"\"\n\t\t\t\tdata-image-slug=\"sbc_1617-hdr\"\n\t\t\t\tclass=\"ngg-simplelightbox\" rel=\"99c9b101493b518ad7d306cd50a88de5\">\n\t\t\t\t<img\n\t\t\t\t\ttitle=\"SBC_1617-HDR\"\n\t\t\t\t\talt=\"SBC_1617-HDR\"\n\t\t\t\t\tsrc=\"https:\/\/maiamariana.com.br\/wp-content\/gallery\/olossa\/thumbs\/thumbs-SBC_1617-HDR.jpg\"\n\t\t\t\t\twidth=\"240\"\n\t\t\t\t\theight=\"160\"\n\t\t\t\t\tstyle=\"max-width:100%;\"\n\t\t\t\t\/>\n\t\t\t<\/a>\n\t\t<\/div>\n\t\t\t\t\t\t\t<\/div> \n\t\t\t\n\t\t\t\t<div id=\"ngg-image-5\" class=\"ngg-gallery-thumbnail-box \n\t\t\t\t\t\t\t\t\t\t\t\" \n\t\t\t>\n\t\t\t\t\t\t<div class=\"ngg-gallery-thumbnail\">\n\t\t\t<a href=\"https:\/\/maiamariana.com.br\/wp-content\/gallery\/olossa\/SBC_1616.jpg\"\n\t\t\t\ttitle=\"\"\n\t\t\t\tdata-src=\"https:\/\/maiamariana.com.br\/wp-content\/gallery\/olossa\/SBC_1616.jpg\"\n\t\t\t\tdata-thumbnail=\"https:\/\/maiamariana.com.br\/wp-content\/gallery\/olossa\/thumbs\/thumbs-SBC_1616.jpg\"\n\t\t\t\tdata-image-id=\"41\"\n\t\t\t\tdata-title=\"SBC_1616\"\n\t\t\t\tdata-description=\"\"\n\t\t\t\tdata-image-slug=\"sbc_1616\"\n\t\t\t\tclass=\"ngg-simplelightbox\" rel=\"99c9b101493b518ad7d306cd50a88de5\">\n\t\t\t\t<img\n\t\t\t\t\ttitle=\"SBC_1616\"\n\t\t\t\t\talt=\"SBC_1616\"\n\t\t\t\t\tsrc=\"https:\/\/maiamariana.com.br\/wp-content\/gallery\/olossa\/thumbs\/thumbs-SBC_1616.jpg\"\n\t\t\t\t\twidth=\"240\"\n\t\t\t\t\theight=\"160\"\n\t\t\t\t\tstyle=\"max-width:100%;\"\n\t\t\t\t\/>\n\t\t\t<\/a>\n\t\t<\/div>\n\t\t\t\t\t\t\t<\/div> \n\t\t\t\n\t\n\t<br style=\"clear: both\" \/>\n\n\t\n\t\t<!-- Pagination -->\n\t\t<div class='ngg-clear'><\/div>\t<\/div>\n\n\n\n\n<p>Trouxa Corpo, Performance, 2023. Com Mariana Maia, Darlene Santos, Jacqueline Macedo e Jana\u00edna Andrade.<\/p>\n\n\n\n<!-- default-view.php -->\n<div\n\tclass=\"ngg-galleryoverview default-view \n\t\t\"\n\tid=\"ngg-gallery-3909ef6e61b895f281a299d9f909e6bd-1\">\n\n\t\t<!-- Thumbnails -->\n\t\t\t\t<div id=\"ngg-image-0\" class=\"ngg-gallery-thumbnail-box \n\t\t\t\t\t\t\t\t\t\t\t\" \n\t\t\t>\n\t\t\t\t\t\t<div class=\"ngg-gallery-thumbnail\">\n\t\t\t<a href=\"https:\/\/maiamariana.com.br\/wp-content\/gallery\/trouxacorpo\/SBC_1865.jpg\"\n\t\t\t\ttitle=\"\"\n\t\t\t\tdata-src=\"https:\/\/maiamariana.com.br\/wp-content\/gallery\/trouxacorpo\/SBC_1865.jpg\"\n\t\t\t\tdata-thumbnail=\"https:\/\/maiamariana.com.br\/wp-content\/gallery\/trouxacorpo\/thumbs\/thumbs-SBC_1865.jpg\"\n\t\t\t\tdata-image-id=\"42\"\n\t\t\t\tdata-title=\"SBC_1865\"\n\t\t\t\tdata-description=\"\"\n\t\t\t\tdata-image-slug=\"sbc_1865\"\n\t\t\t\tclass=\"ngg-simplelightbox\" rel=\"3909ef6e61b895f281a299d9f909e6bd\">\n\t\t\t\t<img\n\t\t\t\t\ttitle=\"SBC_1865\"\n\t\t\t\t\talt=\"SBC_1865\"\n\t\t\t\t\tsrc=\"https:\/\/maiamariana.com.br\/wp-content\/gallery\/trouxacorpo\/thumbs\/thumbs-SBC_1865.jpg\"\n\t\t\t\t\twidth=\"240\"\n\t\t\t\t\theight=\"160\"\n\t\t\t\t\tstyle=\"max-width:100%;\"\n\t\t\t\t\/>\n\t\t\t<\/a>\n\t\t<\/div>\n\t\t\t\t\t\t\t<\/div> \n\t\t\t\n\t\t\t\t<div id=\"ngg-image-1\" class=\"ngg-gallery-thumbnail-box \n\t\t\t\t\t\t\t\t\t\t\t\" \n\t\t\t>\n\t\t\t\t\t\t<div class=\"ngg-gallery-thumbnail\">\n\t\t\t<a href=\"https:\/\/maiamariana.com.br\/wp-content\/gallery\/trouxacorpo\/SBC_1916.jpg\"\n\t\t\t\ttitle=\"\"\n\t\t\t\tdata-src=\"https:\/\/maiamariana.com.br\/wp-content\/gallery\/trouxacorpo\/SBC_1916.jpg\"\n\t\t\t\tdata-thumbnail=\"https:\/\/maiamariana.com.br\/wp-content\/gallery\/trouxacorpo\/thumbs\/thumbs-SBC_1916.jpg\"\n\t\t\t\tdata-image-id=\"43\"\n\t\t\t\tdata-title=\"SBC_1916\"\n\t\t\t\tdata-description=\"\"\n\t\t\t\tdata-image-slug=\"sbc_1916\"\n\t\t\t\tclass=\"ngg-simplelightbox\" rel=\"3909ef6e61b895f281a299d9f909e6bd\">\n\t\t\t\t<img\n\t\t\t\t\ttitle=\"SBC_1916\"\n\t\t\t\t\talt=\"SBC_1916\"\n\t\t\t\t\tsrc=\"https:\/\/maiamariana.com.br\/wp-content\/gallery\/trouxacorpo\/thumbs\/thumbs-SBC_1916.jpg\"\n\t\t\t\t\twidth=\"240\"\n\t\t\t\t\theight=\"160\"\n\t\t\t\t\tstyle=\"max-width:100%;\"\n\t\t\t\t\/>\n\t\t\t<\/a>\n\t\t<\/div>\n\t\t\t\t\t\t\t<\/div> \n\t\t\t\n\t\t\t\t<div id=\"ngg-image-2\" class=\"ngg-gallery-thumbnail-box \n\t\t\t\t\t\t\t\t\t\t\t\" \n\t\t\t>\n\t\t\t\t\t\t<div class=\"ngg-gallery-thumbnail\">\n\t\t\t<a href=\"https:\/\/maiamariana.com.br\/wp-content\/gallery\/trouxacorpo\/SBC_1890.jpg\"\n\t\t\t\ttitle=\"\"\n\t\t\t\tdata-src=\"https:\/\/maiamariana.com.br\/wp-content\/gallery\/trouxacorpo\/SBC_1890.jpg\"\n\t\t\t\tdata-thumbnail=\"https:\/\/maiamariana.com.br\/wp-content\/gallery\/trouxacorpo\/thumbs\/thumbs-SBC_1890.jpg\"\n\t\t\t\tdata-image-id=\"44\"\n\t\t\t\tdata-title=\"SBC_1890\"\n\t\t\t\tdata-description=\"\"\n\t\t\t\tdata-image-slug=\"sbc_1890\"\n\t\t\t\tclass=\"ngg-simplelightbox\" rel=\"3909ef6e61b895f281a299d9f909e6bd\">\n\t\t\t\t<img\n\t\t\t\t\ttitle=\"SBC_1890\"\n\t\t\t\t\talt=\"SBC_1890\"\n\t\t\t\t\tsrc=\"https:\/\/maiamariana.com.br\/wp-content\/gallery\/trouxacorpo\/thumbs\/thumbs-SBC_1890.jpg\"\n\t\t\t\t\twidth=\"240\"\n\t\t\t\t\theight=\"160\"\n\t\t\t\t\tstyle=\"max-width:100%;\"\n\t\t\t\t\/>\n\t\t\t<\/a>\n\t\t<\/div>\n\t\t\t\t\t\t\t<\/div> \n\t\t\t\n\t\t\t\t<div id=\"ngg-image-3\" class=\"ngg-gallery-thumbnail-box \n\t\t\t\t\t\t\t\t\t\t\t\" \n\t\t\t>\n\t\t\t\t\t\t<div class=\"ngg-gallery-thumbnail\">\n\t\t\t<a href=\"https:\/\/maiamariana.com.br\/wp-content\/gallery\/trouxacorpo\/SBC_1940.jpg\"\n\t\t\t\ttitle=\"\"\n\t\t\t\tdata-src=\"https:\/\/maiamariana.com.br\/wp-content\/gallery\/trouxacorpo\/SBC_1940.jpg\"\n\t\t\t\tdata-thumbnail=\"https:\/\/maiamariana.com.br\/wp-content\/gallery\/trouxacorpo\/thumbs\/thumbs-SBC_1940.jpg\"\n\t\t\t\tdata-image-id=\"45\"\n\t\t\t\tdata-title=\"SBC_1940\"\n\t\t\t\tdata-description=\"\"\n\t\t\t\tdata-image-slug=\"sbc_1940\"\n\t\t\t\tclass=\"ngg-simplelightbox\" rel=\"3909ef6e61b895f281a299d9f909e6bd\">\n\t\t\t\t<img\n\t\t\t\t\ttitle=\"SBC_1940\"\n\t\t\t\t\talt=\"SBC_1940\"\n\t\t\t\t\tsrc=\"https:\/\/maiamariana.com.br\/wp-content\/gallery\/trouxacorpo\/thumbs\/thumbs-SBC_1940.jpg\"\n\t\t\t\t\twidth=\"240\"\n\t\t\t\t\theight=\"160\"\n\t\t\t\t\tstyle=\"max-width:100%;\"\n\t\t\t\t\/>\n\t\t\t<\/a>\n\t\t<\/div>\n\t\t\t\t\t\t\t<\/div> \n\t\t\t\n\t\t\t\t<div id=\"ngg-image-4\" class=\"ngg-gallery-thumbnail-box \n\t\t\t\t\t\t\t\t\t\t\t\" \n\t\t\t>\n\t\t\t\t\t\t<div class=\"ngg-gallery-thumbnail\">\n\t\t\t<a href=\"https:\/\/maiamariana.com.br\/wp-content\/gallery\/trouxacorpo\/SBC_1957.jpg\"\n\t\t\t\ttitle=\"\"\n\t\t\t\tdata-src=\"https:\/\/maiamariana.com.br\/wp-content\/gallery\/trouxacorpo\/SBC_1957.jpg\"\n\t\t\t\tdata-thumbnail=\"https:\/\/maiamariana.com.br\/wp-content\/gallery\/trouxacorpo\/thumbs\/thumbs-SBC_1957.jpg\"\n\t\t\t\tdata-image-id=\"46\"\n\t\t\t\tdata-title=\"SBC_1957\"\n\t\t\t\tdata-description=\"\"\n\t\t\t\tdata-image-slug=\"sbc_1957\"\n\t\t\t\tclass=\"ngg-simplelightbox\" rel=\"3909ef6e61b895f281a299d9f909e6bd\">\n\t\t\t\t<img\n\t\t\t\t\ttitle=\"SBC_1957\"\n\t\t\t\t\talt=\"SBC_1957\"\n\t\t\t\t\tsrc=\"https:\/\/maiamariana.com.br\/wp-content\/gallery\/trouxacorpo\/thumbs\/thumbs-SBC_1957.jpg\"\n\t\t\t\t\twidth=\"240\"\n\t\t\t\t\theight=\"160\"\n\t\t\t\t\tstyle=\"max-width:100%;\"\n\t\t\t\t\/>\n\t\t\t<\/a>\n\t\t<\/div>\n\t\t\t\t\t\t\t<\/div> \n\t\t\t\n\t\t\t\t<div id=\"ngg-image-5\" class=\"ngg-gallery-thumbnail-box \n\t\t\t\t\t\t\t\t\t\t\t\" \n\t\t\t>\n\t\t\t\t\t\t<div class=\"ngg-gallery-thumbnail\">\n\t\t\t<a href=\"https:\/\/maiamariana.com.br\/wp-content\/gallery\/trouxacorpo\/SBC_2058.jpg\"\n\t\t\t\ttitle=\"\"\n\t\t\t\tdata-src=\"https:\/\/maiamariana.com.br\/wp-content\/gallery\/trouxacorpo\/SBC_2058.jpg\"\n\t\t\t\tdata-thumbnail=\"https:\/\/maiamariana.com.br\/wp-content\/gallery\/trouxacorpo\/thumbs\/thumbs-SBC_2058.jpg\"\n\t\t\t\tdata-image-id=\"47\"\n\t\t\t\tdata-title=\"SBC_2058\"\n\t\t\t\tdata-description=\"\"\n\t\t\t\tdata-image-slug=\"sbc_2058\"\n\t\t\t\tclass=\"ngg-simplelightbox\" rel=\"3909ef6e61b895f281a299d9f909e6bd\">\n\t\t\t\t<img\n\t\t\t\t\ttitle=\"SBC_2058\"\n\t\t\t\t\talt=\"SBC_2058\"\n\t\t\t\t\tsrc=\"https:\/\/maiamariana.com.br\/wp-content\/gallery\/trouxacorpo\/thumbs\/thumbs-SBC_2058.jpg\"\n\t\t\t\t\twidth=\"240\"\n\t\t\t\t\theight=\"160\"\n\t\t\t\t\tstyle=\"max-width:100%;\"\n\t\t\t\t\/>\n\t\t\t<\/a>\n\t\t<\/div>\n\t\t\t\t\t\t\t<\/div> \n\t\t\t\n\t\n\t<br style=\"clear: both\" \/>\n\n\t\n\t\t<!-- Pagination -->\n\t\t<div class='ngg-clear'><\/div>\t<\/div>\n\n\n\n\n<p>&#8220;A obra de Mariana Maia reverencia Oloss\u00e1, orix\u00e1 das \u00e1guas salobras das lagoas, que se perdeu na travessia atl\u00e2ntica entre \u00c1frica e Brasil e no desaparecimento das cinco lagoas que constitu\u00edam esse solo pantanoso do Centro do Rio. A divindade vem \u00e0 superf\u00edcie da Lagoa do Boqueir\u00e3o, denunciando apagamentos e hist\u00f3rias enterradas. Varais, pregadores de roupas, tecidos, uma bacia de alum\u00ednio e mi\u00e7angas ativam um imagin\u00e1rio ligado \u00e0s atividades performadas pelas mulheres negras escravizadas no s\u00e9culo XVIII, quando da constru\u00e7\u00e3o deste jardim supostamente pacificado.<\/p>\n\n\n\n<p>Ao inscrever em tecido o tra\u00e7ado de Mestre Valentim para o Passeio P\u00fablico, propondo lavar a roupa suja da hist\u00f3ria, Mariana traz \u00e0 tona as \u00e1guas dominadas pelo desejo higienista de \u201climpar\u201d o ar e repovoar a regi\u00e3o com a aristocracia.<\/p>\n\n\n\n<p>Informantes, protetoras, sacerdotisas, rainhas. As mulheres que Mariana visibiliza s\u00e3o agentes de luta, resist\u00eancia e reativa\u00e7\u00e3o do seu protagonismo na hist\u00f3ria do Brasil. Oloss\u00e1 revira as \u00e1guas da Lagoa do Boqueir\u00e3o para reconquistar o espa\u00e7o que lhe \u00e9 de direito.<\/p>\n\n\n\n<p>Al\u00e9m de\u00a0<em>Oloss\u00e1<\/em>, a artista realizou tamb\u00e9m a performance\u00a0<em>Trouxa corpo<\/em>. Junto a um grupo de artistas negras, evocou a presen\u00e7a de Marielle Franco, Luisa Mahin, Tereza de Benguela e Dandara dos Palmares. No c\u00f3rrego do Passeio, lavaram bandeiras brancas com imagens dessas mulheres hist\u00f3ricas, fazendo justi\u00e7a e lembrando que o Brasil foi constru\u00eddo com o sangue e o trabalho de pessoas negras sistematicamente silenciadas. O grito de Mariana n\u00e3o nos deixa esquecer que a roupa suja n\u00e3o se lava em casa, mas em p\u00fablico.&#8221; <\/p>\n\n\n\n<p>(<strong>Carolina Rodrigues, Daniela Name e Paula Camargo<\/strong>, Curadoras da Exposi\u00e7\u00e3o &#8220;Passeio P\u00fablico&#8221;. Site: <a href=\"https:\/\/passeiopublico.teiacritica.com.br\/mariana-maia\/\">https:\/\/passeiopublico.teiacritica.com.br\/mariana-maia\/<\/a>)<\/p>\n","protected":false},"excerpt":{"rendered":"<p>Instala\u00e7\u00e3o, T\u00e9cnica mista, 2023. Dimens\u00f5es vari\u00e1veis, cerca de 3 x 1,50 m. Na Exposi\u00e7\u00e3o &#8220;Passeio P\u00fablico&#8221;, 2023. Fotografias: Tiago Morena. Trouxa Corpo, Performance, 2023. Com Mariana Maia, Darlene Santos, Jacqueline Macedo e Jana\u00edna Andrade. &#8220;A obra de Mariana Maia reverencia Oloss\u00e1, orix\u00e1 das \u00e1guas salobras das lagoas, que se perdeu na travessia atl\u00e2ntica entre \u00c1frica &hellip; <\/p>\n<p class=\"link-more\"><a href=\"https:\/\/maiamariana.com.br\/?page_id=156\" class=\"more-link\">Continue reading<span class=\"screen-reader-text\"> &#8220;Oloss\u00e1&#8221;<\/span><\/a><\/p>\n","protected":false},"author":1,"featured_media":157,"parent":0,"menu_order":0,"comment_status":"closed","ping_status":"closed","template":"","meta":{"ngg_post_thumbnail":0,"footnotes":""},"class_list":["post-156","page","type-page","status-publish","has-post-thumbnail","hentry","entry"],"_links":{"self":[{"href":"https:\/\/maiamariana.com.br\/index.php?rest_route=\/wp\/v2\/pages\/156","targetHints":{"allow":["GET"]}}],"collection":[{"href":"https:\/\/maiamariana.com.br\/index.php?rest_route=\/wp\/v2\/pages"}],"about":[{"href":"https:\/\/maiamariana.com.br\/index.php?rest_route=\/wp\/v2\/types\/page"}],"author":[{"embeddable":true,"href":"https:\/\/maiamariana.com.br\/index.php?rest_route=\/wp\/v2\/users\/1"}],"replies":[{"embeddable":true,"href":"https:\/\/maiamariana.com.br\/index.php?rest_route=%2Fwp%2Fv2%2Fcomments&post=156"}],"version-history":[{"count":4,"href":"https:\/\/maiamariana.com.br\/index.php?rest_route=\/wp\/v2\/pages\/156\/revisions"}],"predecessor-version":[{"id":198,"href":"https:\/\/maiamariana.com.br\/index.php?rest_route=\/wp\/v2\/pages\/156\/revisions\/198"}],"wp:featuredmedia":[{"embeddable":true,"href":"https:\/\/maiamariana.com.br\/index.php?rest_route=\/wp\/v2\/media\/157"}],"wp:attachment":[{"href":"https:\/\/maiamariana.com.br\/index.php?rest_route=%2Fwp%2Fv2%2Fmedia&parent=156"}],"curies":[{"name":"wp","href":"https:\/\/api.w.org\/{rel}","templated":true}]}}