{"id":107,"date":"2024-04-18T23:18:46","date_gmt":"2024-04-19T02:18:46","guid":{"rendered":"https:\/\/maiamariana.com.br\/?page_id=107"},"modified":"2024-04-18T23:29:23","modified_gmt":"2024-04-19T02:29:23","slug":"seja-macumbeiro","status":"publish","type":"page","link":"https:\/\/maiamariana.com.br\/?page_id=107","title":{"rendered":"Seja Macumbeiro"},"content":{"rendered":"\n<p>Performance, Exposi\u00e7\u00e3o &#8220;Natividade&#8221;, Centro Cultural Municipal Calouste Gulbenkian, 2024. Fotografias: @safo_fotografia<\/p>\n\n\n\n<!-- default-view.php -->\n<div\n\tclass=\"ngg-galleryoverview default-view \n\t\t\"\n\tid=\"ngg-gallery-a49f4a9fa56d66f5f85ace643b2c7508-1\">\n\n\t\t<!-- Thumbnails -->\n\t\t\t\t<div id=\"ngg-image-0\" class=\"ngg-gallery-thumbnail-box \n\t\t\t\t\t\t\t\t\t\t\t\" \n\t\t\t>\n\t\t\t\t\t\t<div class=\"ngg-gallery-thumbnail\">\n\t\t\t<a href=\"https:\/\/maiamariana.com.br\/wp-content\/gallery\/macumbeiro\/DSC06895.jpg\"\n\t\t\t\ttitle=\"\"\n\t\t\t\tdata-src=\"https:\/\/maiamariana.com.br\/wp-content\/gallery\/macumbeiro\/DSC06895.jpg\"\n\t\t\t\tdata-thumbnail=\"https:\/\/maiamariana.com.br\/wp-content\/gallery\/macumbeiro\/thumbs\/thumbs-DSC06895.jpg\"\n\t\t\t\tdata-image-id=\"20\"\n\t\t\t\tdata-title=\"DSC06895\"\n\t\t\t\tdata-description=\"\"\n\t\t\t\tdata-image-slug=\"dsc06895\"\n\t\t\t\tclass=\"ngg-simplelightbox\" rel=\"a49f4a9fa56d66f5f85ace643b2c7508\">\n\t\t\t\t<img\n\t\t\t\t\ttitle=\"DSC06895\"\n\t\t\t\t\talt=\"DSC06895\"\n\t\t\t\t\tsrc=\"https:\/\/maiamariana.com.br\/wp-content\/gallery\/macumbeiro\/thumbs\/thumbs-DSC06895.jpg\"\n\t\t\t\t\twidth=\"240\"\n\t\t\t\t\theight=\"160\"\n\t\t\t\t\tstyle=\"max-width:100%;\"\n\t\t\t\t\/>\n\t\t\t<\/a>\n\t\t<\/div>\n\t\t\t\t\t\t\t<\/div> \n\t\t\t\n\t\t\t\t<div id=\"ngg-image-1\" class=\"ngg-gallery-thumbnail-box \n\t\t\t\t\t\t\t\t\t\t\t\" \n\t\t\t>\n\t\t\t\t\t\t<div class=\"ngg-gallery-thumbnail\">\n\t\t\t<a href=\"https:\/\/maiamariana.com.br\/wp-content\/gallery\/macumbeiro\/DSC06907.jpg\"\n\t\t\t\ttitle=\"\"\n\t\t\t\tdata-src=\"https:\/\/maiamariana.com.br\/wp-content\/gallery\/macumbeiro\/DSC06907.jpg\"\n\t\t\t\tdata-thumbnail=\"https:\/\/maiamariana.com.br\/wp-content\/gallery\/macumbeiro\/thumbs\/thumbs-DSC06907.jpg\"\n\t\t\t\tdata-image-id=\"21\"\n\t\t\t\tdata-title=\"DSC06907\"\n\t\t\t\tdata-description=\"\"\n\t\t\t\tdata-image-slug=\"dsc06907\"\n\t\t\t\tclass=\"ngg-simplelightbox\" rel=\"a49f4a9fa56d66f5f85ace643b2c7508\">\n\t\t\t\t<img\n\t\t\t\t\ttitle=\"DSC06907\"\n\t\t\t\t\talt=\"DSC06907\"\n\t\t\t\t\tsrc=\"https:\/\/maiamariana.com.br\/wp-content\/gallery\/macumbeiro\/thumbs\/thumbs-DSC06907.jpg\"\n\t\t\t\t\twidth=\"240\"\n\t\t\t\t\theight=\"160\"\n\t\t\t\t\tstyle=\"max-width:100%;\"\n\t\t\t\t\/>\n\t\t\t<\/a>\n\t\t<\/div>\n\t\t\t\t\t\t\t<\/div> \n\t\t\t\n\t\t\t\t<div id=\"ngg-image-2\" class=\"ngg-gallery-thumbnail-box \n\t\t\t\t\t\t\t\t\t\t\t\" \n\t\t\t>\n\t\t\t\t\t\t<div class=\"ngg-gallery-thumbnail\">\n\t\t\t<a href=\"https:\/\/maiamariana.com.br\/wp-content\/gallery\/macumbeiro\/DSC06912.jpg\"\n\t\t\t\ttitle=\"\"\n\t\t\t\tdata-src=\"https:\/\/maiamariana.com.br\/wp-content\/gallery\/macumbeiro\/DSC06912.jpg\"\n\t\t\t\tdata-thumbnail=\"https:\/\/maiamariana.com.br\/wp-content\/gallery\/macumbeiro\/thumbs\/thumbs-DSC06912.jpg\"\n\t\t\t\tdata-image-id=\"22\"\n\t\t\t\tdata-title=\"DSC06912\"\n\t\t\t\tdata-description=\"\"\n\t\t\t\tdata-image-slug=\"dsc06912\"\n\t\t\t\tclass=\"ngg-simplelightbox\" rel=\"a49f4a9fa56d66f5f85ace643b2c7508\">\n\t\t\t\t<img\n\t\t\t\t\ttitle=\"DSC06912\"\n\t\t\t\t\talt=\"DSC06912\"\n\t\t\t\t\tsrc=\"https:\/\/maiamariana.com.br\/wp-content\/gallery\/macumbeiro\/thumbs\/thumbs-DSC06912.jpg\"\n\t\t\t\t\twidth=\"240\"\n\t\t\t\t\theight=\"160\"\n\t\t\t\t\tstyle=\"max-width:100%;\"\n\t\t\t\t\/>\n\t\t\t<\/a>\n\t\t<\/div>\n\t\t\t\t\t\t\t<\/div> \n\t\t\t\n\t\t\t\t<div id=\"ngg-image-3\" class=\"ngg-gallery-thumbnail-box \n\t\t\t\t\t\t\t\t\t\t\t\" \n\t\t\t>\n\t\t\t\t\t\t<div class=\"ngg-gallery-thumbnail\">\n\t\t\t<a href=\"https:\/\/maiamariana.com.br\/wp-content\/gallery\/macumbeiro\/DSC06898.jpg\"\n\t\t\t\ttitle=\"\"\n\t\t\t\tdata-src=\"https:\/\/maiamariana.com.br\/wp-content\/gallery\/macumbeiro\/DSC06898.jpg\"\n\t\t\t\tdata-thumbnail=\"https:\/\/maiamariana.com.br\/wp-content\/gallery\/macumbeiro\/thumbs\/thumbs-DSC06898.jpg\"\n\t\t\t\tdata-image-id=\"23\"\n\t\t\t\tdata-title=\"DSC06898\"\n\t\t\t\tdata-description=\"\"\n\t\t\t\tdata-image-slug=\"dsc06898\"\n\t\t\t\tclass=\"ngg-simplelightbox\" rel=\"a49f4a9fa56d66f5f85ace643b2c7508\">\n\t\t\t\t<img\n\t\t\t\t\ttitle=\"DSC06898\"\n\t\t\t\t\talt=\"DSC06898\"\n\t\t\t\t\tsrc=\"https:\/\/maiamariana.com.br\/wp-content\/gallery\/macumbeiro\/thumbs\/thumbs-DSC06898.jpg\"\n\t\t\t\t\twidth=\"240\"\n\t\t\t\t\theight=\"160\"\n\t\t\t\t\tstyle=\"max-width:100%;\"\n\t\t\t\t\/>\n\t\t\t<\/a>\n\t\t<\/div>\n\t\t\t\t\t\t\t<\/div> \n\t\t\t\n\t\t\t\t<div id=\"ngg-image-4\" class=\"ngg-gallery-thumbnail-box \n\t\t\t\t\t\t\t\t\t\t\t\" \n\t\t\t>\n\t\t\t\t\t\t<div class=\"ngg-gallery-thumbnail\">\n\t\t\t<a href=\"https:\/\/maiamariana.com.br\/wp-content\/gallery\/macumbeiro\/DSC06917.jpg\"\n\t\t\t\ttitle=\"\"\n\t\t\t\tdata-src=\"https:\/\/maiamariana.com.br\/wp-content\/gallery\/macumbeiro\/DSC06917.jpg\"\n\t\t\t\tdata-thumbnail=\"https:\/\/maiamariana.com.br\/wp-content\/gallery\/macumbeiro\/thumbs\/thumbs-DSC06917.jpg\"\n\t\t\t\tdata-image-id=\"24\"\n\t\t\t\tdata-title=\"DSC06917\"\n\t\t\t\tdata-description=\"\"\n\t\t\t\tdata-image-slug=\"dsc06917\"\n\t\t\t\tclass=\"ngg-simplelightbox\" rel=\"a49f4a9fa56d66f5f85ace643b2c7508\">\n\t\t\t\t<img\n\t\t\t\t\ttitle=\"DSC06917\"\n\t\t\t\t\talt=\"DSC06917\"\n\t\t\t\t\tsrc=\"https:\/\/maiamariana.com.br\/wp-content\/gallery\/macumbeiro\/thumbs\/thumbs-DSC06917.jpg\"\n\t\t\t\t\twidth=\"240\"\n\t\t\t\t\theight=\"160\"\n\t\t\t\t\tstyle=\"max-width:100%;\"\n\t\t\t\t\/>\n\t\t\t<\/a>\n\t\t<\/div>\n\t\t\t\t\t\t\t<\/div> \n\t\t\t\n\t\t\t\t<div id=\"ngg-image-5\" class=\"ngg-gallery-thumbnail-box \n\t\t\t\t\t\t\t\t\t\t\t\" \n\t\t\t>\n\t\t\t\t\t\t<div class=\"ngg-gallery-thumbnail\">\n\t\t\t<a href=\"https:\/\/maiamariana.com.br\/wp-content\/gallery\/macumbeiro\/DSC06949.jpg\"\n\t\t\t\ttitle=\"\"\n\t\t\t\tdata-src=\"https:\/\/maiamariana.com.br\/wp-content\/gallery\/macumbeiro\/DSC06949.jpg\"\n\t\t\t\tdata-thumbnail=\"https:\/\/maiamariana.com.br\/wp-content\/gallery\/macumbeiro\/thumbs\/thumbs-DSC06949.jpg\"\n\t\t\t\tdata-image-id=\"25\"\n\t\t\t\tdata-title=\"DSC06949\"\n\t\t\t\tdata-description=\"\"\n\t\t\t\tdata-image-slug=\"dsc06949\"\n\t\t\t\tclass=\"ngg-simplelightbox\" rel=\"a49f4a9fa56d66f5f85ace643b2c7508\">\n\t\t\t\t<img\n\t\t\t\t\ttitle=\"DSC06949\"\n\t\t\t\t\talt=\"DSC06949\"\n\t\t\t\t\tsrc=\"https:\/\/maiamariana.com.br\/wp-content\/gallery\/macumbeiro\/thumbs\/thumbs-DSC06949.jpg\"\n\t\t\t\t\twidth=\"240\"\n\t\t\t\t\theight=\"160\"\n\t\t\t\t\tstyle=\"max-width:100%;\"\n\t\t\t\t\/>\n\t\t\t<\/a>\n\t\t<\/div>\n\t\t\t\t\t\t\t<\/div> \n\t\t\t\n\t\t\t\t<div id=\"ngg-image-6\" class=\"ngg-gallery-thumbnail-box \n\t\t\t\t\t\t\t\t\t\t\t\" \n\t\t\t>\n\t\t\t\t\t\t<div class=\"ngg-gallery-thumbnail\">\n\t\t\t<a href=\"https:\/\/maiamariana.com.br\/wp-content\/gallery\/macumbeiro\/DSC06956.jpg\"\n\t\t\t\ttitle=\"\"\n\t\t\t\tdata-src=\"https:\/\/maiamariana.com.br\/wp-content\/gallery\/macumbeiro\/DSC06956.jpg\"\n\t\t\t\tdata-thumbnail=\"https:\/\/maiamariana.com.br\/wp-content\/gallery\/macumbeiro\/thumbs\/thumbs-DSC06956.jpg\"\n\t\t\t\tdata-image-id=\"26\"\n\t\t\t\tdata-title=\"DSC06956\"\n\t\t\t\tdata-description=\"\"\n\t\t\t\tdata-image-slug=\"dsc06956\"\n\t\t\t\tclass=\"ngg-simplelightbox\" rel=\"a49f4a9fa56d66f5f85ace643b2c7508\">\n\t\t\t\t<img\n\t\t\t\t\ttitle=\"DSC06956\"\n\t\t\t\t\talt=\"DSC06956\"\n\t\t\t\t\tsrc=\"https:\/\/maiamariana.com.br\/wp-content\/gallery\/macumbeiro\/thumbs\/thumbs-DSC06956.jpg\"\n\t\t\t\t\twidth=\"240\"\n\t\t\t\t\theight=\"160\"\n\t\t\t\t\tstyle=\"max-width:100%;\"\n\t\t\t\t\/>\n\t\t\t<\/a>\n\t\t<\/div>\n\t\t\t\t\t\t\t<\/div> \n\t\t\t\n\t\t\t\t<div id=\"ngg-image-7\" class=\"ngg-gallery-thumbnail-box \n\t\t\t\t\t\t\t\t\t\t\t\" \n\t\t\t>\n\t\t\t\t\t\t<div class=\"ngg-gallery-thumbnail\">\n\t\t\t<a href=\"https:\/\/maiamariana.com.br\/wp-content\/gallery\/macumbeiro\/DSC06969.jpg\"\n\t\t\t\ttitle=\"\"\n\t\t\t\tdata-src=\"https:\/\/maiamariana.com.br\/wp-content\/gallery\/macumbeiro\/DSC06969.jpg\"\n\t\t\t\tdata-thumbnail=\"https:\/\/maiamariana.com.br\/wp-content\/gallery\/macumbeiro\/thumbs\/thumbs-DSC06969.jpg\"\n\t\t\t\tdata-image-id=\"27\"\n\t\t\t\tdata-title=\"DSC06969\"\n\t\t\t\tdata-description=\"\"\n\t\t\t\tdata-image-slug=\"dsc06969\"\n\t\t\t\tclass=\"ngg-simplelightbox\" rel=\"a49f4a9fa56d66f5f85ace643b2c7508\">\n\t\t\t\t<img\n\t\t\t\t\ttitle=\"DSC06969\"\n\t\t\t\t\talt=\"DSC06969\"\n\t\t\t\t\tsrc=\"https:\/\/maiamariana.com.br\/wp-content\/gallery\/macumbeiro\/thumbs\/thumbs-DSC06969.jpg\"\n\t\t\t\t\twidth=\"240\"\n\t\t\t\t\theight=\"160\"\n\t\t\t\t\tstyle=\"max-width:100%;\"\n\t\t\t\t\/>\n\t\t\t<\/a>\n\t\t<\/div>\n\t\t\t\t\t\t\t<\/div> \n\t\t\t\n\t\t\t\t<div id=\"ngg-image-8\" class=\"ngg-gallery-thumbnail-box \n\t\t\t\t\t\t\t\t\t\t\t\" \n\t\t\t>\n\t\t\t\t\t\t<div class=\"ngg-gallery-thumbnail\">\n\t\t\t<a href=\"https:\/\/maiamariana.com.br\/wp-content\/gallery\/macumbeiro\/DSC07020.jpg\"\n\t\t\t\ttitle=\"\"\n\t\t\t\tdata-src=\"https:\/\/maiamariana.com.br\/wp-content\/gallery\/macumbeiro\/DSC07020.jpg\"\n\t\t\t\tdata-thumbnail=\"https:\/\/maiamariana.com.br\/wp-content\/gallery\/macumbeiro\/thumbs\/thumbs-DSC07020.jpg\"\n\t\t\t\tdata-image-id=\"28\"\n\t\t\t\tdata-title=\"DSC07020\"\n\t\t\t\tdata-description=\"\"\n\t\t\t\tdata-image-slug=\"dsc07020\"\n\t\t\t\tclass=\"ngg-simplelightbox\" rel=\"a49f4a9fa56d66f5f85ace643b2c7508\">\n\t\t\t\t<img\n\t\t\t\t\ttitle=\"DSC07020\"\n\t\t\t\t\talt=\"DSC07020\"\n\t\t\t\t\tsrc=\"https:\/\/maiamariana.com.br\/wp-content\/gallery\/macumbeiro\/thumbs\/thumbs-DSC07020.jpg\"\n\t\t\t\t\twidth=\"240\"\n\t\t\t\t\theight=\"160\"\n\t\t\t\t\tstyle=\"max-width:100%;\"\n\t\t\t\t\/>\n\t\t\t<\/a>\n\t\t<\/div>\n\t\t\t\t\t\t\t<\/div> \n\t\t\t\n\t\n\t<br style=\"clear: both\" \/>\n\n\t\n\t\t<!-- Pagination -->\n\t\t<div class='ngg-clear'><\/div>\t<\/div>\n\n\n\n\n<p>Os trabalhos dialogam com a filosofia e a est\u00e9tica das religi\u00f5es de matriz africana. <em>Seja macumbeiro<\/em> evoca as entidades da religi\u00e3o Umbanda, conhecidas como Exus ou pomba giras e tranca ruas. A pintura varal faz refer\u00eancia a famosa bandeira de H\u00e9lio Oiticica, \u201cSeja Marginal, Seja Her\u00f3i\u201d. Prop\u00f5e reflex\u00e3o a marginalidade imposta as religi\u00f5es de matriz africana, desde a vinda dos homens e mulheres da \u00c1frica para o Brasil, no per\u00edodo colonial. Ainda, todo o preconceito religioso que sofre a ideia de divino na Umbanda at\u00e9 os dias de hoje.<\/p>\n","protected":false},"excerpt":{"rendered":"<p>Performance, Exposi\u00e7\u00e3o &#8220;Natividade&#8221;, Centro Cultural Municipal Calouste Gulbenkian, 2024. Fotografias: @safo_fotografia Os trabalhos dialogam com a filosofia e a est\u00e9tica das religi\u00f5es de matriz africana. Seja macumbeiro evoca as entidades da religi\u00e3o Umbanda, conhecidas como Exus ou pomba giras e tranca ruas. A pintura varal faz refer\u00eancia a famosa bandeira de H\u00e9lio Oiticica, \u201cSeja Marginal, &hellip; <\/p>\n<p class=\"link-more\"><a href=\"https:\/\/maiamariana.com.br\/?page_id=107\" class=\"more-link\">Continue reading<span class=\"screen-reader-text\"> &#8220;Seja Macumbeiro&#8221;<\/span><\/a><\/p>\n","protected":false},"author":1,"featured_media":128,"parent":0,"menu_order":0,"comment_status":"closed","ping_status":"closed","template":"","meta":{"ngg_post_thumbnail":0,"footnotes":""},"class_list":["post-107","page","type-page","status-publish","has-post-thumbnail","hentry","entry"],"_links":{"self":[{"href":"https:\/\/maiamariana.com.br\/index.php?rest_route=\/wp\/v2\/pages\/107","targetHints":{"allow":["GET"]}}],"collection":[{"href":"https:\/\/maiamariana.com.br\/index.php?rest_route=\/wp\/v2\/pages"}],"about":[{"href":"https:\/\/maiamariana.com.br\/index.php?rest_route=\/wp\/v2\/types\/page"}],"author":[{"embeddable":true,"href":"https:\/\/maiamariana.com.br\/index.php?rest_route=\/wp\/v2\/users\/1"}],"replies":[{"embeddable":true,"href":"https:\/\/maiamariana.com.br\/index.php?rest_route=%2Fwp%2Fv2%2Fcomments&post=107"}],"version-history":[{"count":4,"href":"https:\/\/maiamariana.com.br\/index.php?rest_route=\/wp\/v2\/pages\/107\/revisions"}],"predecessor-version":[{"id":130,"href":"https:\/\/maiamariana.com.br\/index.php?rest_route=\/wp\/v2\/pages\/107\/revisions\/130"}],"wp:featuredmedia":[{"embeddable":true,"href":"https:\/\/maiamariana.com.br\/index.php?rest_route=\/wp\/v2\/media\/128"}],"wp:attachment":[{"href":"https:\/\/maiamariana.com.br\/index.php?rest_route=%2Fwp%2Fv2%2Fmedia&parent=107"}],"curies":[{"name":"wp","href":"https:\/\/api.w.org\/{rel}","templated":true}]}}